rime factors of 5230332.
2, 3, 5381
What are the prime factors of 229054?
2, 7, 16361
What are the prime factors of 9034881?
3, 3011627
What are the prime factors of 2456176?
2, 153511
What are the prime factors of 188261?
188261
What are the prime factors of 9952636?
2, 2488159
List the prime factors of 386089.
11, 35099
What are the prime factors of 279802?
2, 139901
List the prime factors of 6451686.
2, 3, 358427
List the prime factors of 246366.
2, 3, 13687
List the prime factors of 596795.
5, 119359
What are the prime factors of 5025544?
2, 628193
List the prime factors of 17872666.
2, 7, 1276619
What are the prime factors of 206372?
2, 51593
What are the prime factors of 86313?
3, 28771
What are the prime factors of 17749810?
2, 5, 13, 136537
List the prime factors of 5339472.
2, 3, 173, 643
List the prime factors of 370147.
370147
List the prime factors of 512322.
2, 3, 103, 829
What are the prime factors of 2833365?
3, 5, 188891
What are the prime factors of 1358147?
7, 17, 101, 113
What are the prime factors of 112875?
3, 5, 7, 43
What are the prime factors of 4561721?
1657, 2753
What are the prime factors of 17442942?
2, 3, 11, 127, 2081
List the prime factors of 143994.
2, 3, 103, 233
List the prime factors of 1589104.
2, 11, 9029
List the prime factors of 705743.
227, 3109
List the prime factors of 1035795.
3, 5, 199, 347
What are the prime factors of 1199435?
5, 17, 103, 137
What are the prime factors of 494960?
2, 5, 23, 269
List the prime factors of 5844079.
2309, 2531
List the prime factors of 13272621.
3, 19, 232853
List the prime factors of 257875.
5, 2063
List the prime factors of 2603727.
3, 7, 37, 1117
What are the prime factors of 23477072?
2, 1467317
List the prime factors of 306635.
5, 7, 8761
What are the prime factors of 1105019?
1105019
What are the prime factors of 4152467?
11, 43, 8779
List the prime factors of 15319927.
7, 577, 3793
What are the prime factors of 9586940?
2, 5, 11, 43577
What are the prime factors of 3332998?
2, 1666499
What are the prime factors of 1087747?
1087747
What are the prime factors of 4970159?
293, 16963
What are the prime factors of 1394793?
3, 51659
What are the prime factors of 1723171?
17, 101363
List the prime factors of 4355301.
3, 1451767
List the prime factors of 791766.
2, 3, 43987
List the prime factors of 67628.
2, 11, 29, 53
List the prime factors of 2541764.
2, 635441
List the prime factors of 13892.
2, 23, 151
List the prime factors of 748806.
2, 3, 37, 3373
List the prime factors of 3851551.
11, 139, 229
List the prime factors of 130339.
11, 17, 41
List the prime factors of 24749685.
3, 5, 19, 9649
What are the prime factors of 2859400?
2, 5, 17, 29
What are the prime factors of 182089?
182089
What are the prime factors of 1447672?
2, 180959
What are the prime factors of 216778?
2, 283, 383
List the prime factors of 4344702.
2, 3, 724117
List the prime factors of 10348167.
3, 3449389
What are the prime factors of 11083620?
2, 3, 5, 184727
List the prime factors of 20207898.
2, 3, 283, 3967
List the prime factors of 25550.
2, 5, 7, 73
List the prime factors of 121919.
7, 17417
List the prime factors of 6333208.
2, 7, 113093
What are the prime factors of 34321968?
2, 3, 71, 373
What are the prime factors of 746767?
7, 106681
List the prime factors of 95740.
2, 5, 4787
List the prime factors of 589920.
2, 3, 5, 1229
List the prime factors of 17916803.
149, 120247
List the prime factors of 417291.
3, 7, 31, 641
List the prime factors of 239319.
3, 26591
List the prime factors of 171022.
2, 233, 367
List the prime factors of 132034.
2, 7, 9431
List the prime factors of 2807391.
3, 31, 30187
What are the prime factors of 12590121?
3, 113, 37139
What are the prime factors of 34048125?
3, 5, 6053
What are the prime factors of 4705719?
3, 17, 92269
What are the prime factors of 348872?
2, 43609
What are the prime factors of 784172?
2, 196043
List the prime factors of 245782.
2, 122891
List the prime factors of 342974.
2, 223, 769
What are the prime factors of 5492179?
7, 11, 71327
List the prime factors of 380547.
3, 42283
What are the prime factors of 499643?
19, 26297
What are the prime factors of 178399?
13, 13723
List the prime factors of 916815.
3, 5, 61121
What are the prime factors of 23785307?
7, 13, 29, 9013
What are the prime factors of 2452288?
2, 38317
What are the prime factors of 2368664?
2, 296083
List the prime factors of 82440.
2, 3, 5, 229
What are the prime factors of 248604?
2, 3, 20717
What are the prime factors of 88934?
2, 53, 839
List the prime factors of 2729330.
2, 5, 272933
List the prime factors of 1375341.
3, 11, 71, 587
What are the prime factors of 5884788?
2, 3, 7, 13, 17, 317
List the prime factors of 5817.
3, 7, 277
List the prime factors of 11084975.
5, 11, 173, 233
What are the prime factors of 336078?
2, 3, 18671
List the prime factors of 1843802.
2, 921901
What are the prime factors of 145060?
2, 5, 7253
List the prime factors of 1085124.
2, 3, 31, 2917
What are the prime factors of 8752516?
2, 41, 83, 643
What are the prime factors of 2493633?
3, 683, 1217
What are the prime factors of 13822543?
7, 1974649
List the prime factors of 165225.
3, 5, 2203
What are the prime factors of 100882?
2, 50441
List the prime factors of 271687.
13, 20899
List the prime factors of 487842.
2, 3, 81307
What are the prime factors of 228854?
2, 17, 53, 127
What are the prime factors of 1038184?
2, 7, 18539
List the prime factors of 252084.
2, 3, 7, 3001
What are the prime factors of 435685?
5, 79, 1103
List the prime factors of 264062.
2, 19, 6949
List the prime factors of 143236.
2, 35809
What are the prime factors of 1111290?
2, 3, 5, 17, 2179
What are the prime factors of 12095227?
12095227
What are the prime factors of 5353957?
7, 383, 1997
What are the prime factors of 101475?
3, 5, 11, 41
What are the prime factors of 496368?
2, 3, 383
What are the prime factors of 1298295?
3, 5, 59, 163
What are the prime factors of 1650001?
1650001
List the prime factors of 203447.
389, 523
List the prime factors of 4275131.
7, 610733
What are the prime factors of 63703?
63703
List the prime factors of 322511.
7, 46073
List the prime factors of 8462807.
8462807
List the prime factors of 419498.
2, 349, 601
List the prime factors of 1510735.
5, 73, 4139
What are the prime factors of 24115660?
2, 5, 59, 107, 191
What are the prime factors of 30348?
2, 3, 281
List the prime factors of 569131.
83, 6857
What are the prime factors of 293549?
23, 12763
What are the prime factors of 102379?
37, 2767
List the prime factors of 2103870.
2, 3, 5, 19, 3691
What are the prime factors of 2785254?
2, 3, 23, 20183
What are the prime factors of 47458?
2, 61, 389
List the prime factors of 797487.
3, 17, 19, 823
What are the prime factors of 12696697?
13, 976669
List the prime factors of 3678052.
2, 7, 17, 7727
List the prime factors of 60760.
2, 5, 7, 31
What are the prime factors of 145016?
2, 18127
What are the prime factors of 426795?
3, 5, 37, 769
What are the prime factors of 811016?
2, 101377
What are the prime factors of 600205?
5, 120041
What are the prime factors of 2159479?
7, 44071
List the prime factors of 284969.
284969
What are the prime factors of 2145209?
11, 17729
What are the prime factors of 12254447?
12254447
List the prime factors of 13490747.
13490747
List the prime factors of 325949.
13, 25073
What are the prime factors of 5130475?
5, 7, 19, 1543
List the prime factors of 5486212.
2, 19, 37, 1951
List the prime factors of 2027369.
17, 31, 3847
What are the prime factors of 1350712?
2, 11, 15349
What are the prime factors of 23189010?
2, 3, 5, 13, 37, 1607
List the prime factors of 1192489.
61, 113, 173
List the prime factors of 433673.
433673
What are the prime factors of 97142?
2, 48571
What are the prime factors of 1542265?
5, 23, 13411
List the prime factors of 2057386.
2, 163, 6311
What are the prime factors of 3597334?
2, 13, 29, 367
List the prime factors of 20958092.
2, 5239523
List the prime factors of 266583.
3, 88861
List the prime factors of 577565.
5, 115513
List the prime factors of 24655932.
2, 3, 7, 97841
What are the prime factors of 1320845?
5, 264169
What are the prime factors of 97108?
2, 11, 2207
What are the prime factors of 1366290?
2, 3, 5,